he highest common factor of 11426 and 10110434?
394
Calculate the highest common divisor of 41482 and 10346.
14
Calculate the greatest common divisor of 92 and 636840307.
23
What is the greatest common factor of 9966 and 87462522?
906
What is the greatest common divisor of 101145 and 4125?
165
What is the highest common divisor of 4065027 and 2337?
123
Calculate the highest common divisor of 7036272 and 20.
4
Calculate the highest common factor of 17680053 and 39552.
309
What is the greatest common divisor of 399 and 5171895?
57
What is the highest common divisor of 117137 and 98441?
41
What is the greatest common divisor of 6140131 and 1967?
281
Calculate the highest common factor of 2393085 and 20.
5
Calculate the highest common divisor of 21616252 and 301.
7
What is the highest common divisor of 799890 and 7410?
390
Calculate the highest common divisor of 849 and 36806414.
283
Calculate the highest common factor of 1269946455 and 30.
15
Calculate the greatest common factor of 18517540 and 1116.
124
Calculate the highest common divisor of 2378 and 13946042.
58
Calculate the greatest common divisor of 667088 and 67816.
1384
Calculate the highest common factor of 2024 and 56318812.
1012
What is the highest common factor of 75746 and 4114385?
3443
What is the greatest common factor of 343 and 12144503?
49
What is the highest common factor of 5061 and 91350?
21
What is the highest common divisor of 5990 and 373010?
10
What is the highest common factor of 245730 and 120?
30
Calculate the greatest common factor of 29 and 80686.
1
Calculate the greatest common divisor of 14176 and 361183216.
7088
Calculate the highest common factor of 24155339 and 74.
37
What is the highest common factor of 2128 and 23485672?
1064
Calculate the highest common divisor of 3641 and 1244891.
331
What is the greatest common divisor of 784 and 1903748?
196
Calculate the greatest common divisor of 4115314 and 112.
14
What is the greatest common factor of 49 and 327279085?
49
Calculate the greatest common factor of 352991526 and 282.
282
Calculate the greatest common factor of 110151002 and 2990.
598
What is the highest common divisor of 2944 and 59340736?
1472
Calculate the highest common divisor of 224 and 16800928.
32
What is the highest common divisor of 8 and 106207504?
8
Calculate the greatest common factor of 535 and 18705205.
535
What is the greatest common divisor of 2534952 and 296?
8
What is the highest common factor of 4130 and 623753900?
4130
Calculate the greatest common divisor of 40460368 and 208.
208
Calculate the highest common factor of 4748913 and 9139.
481
Calculate the greatest common factor of 60818 and 181420.
94
What is the greatest common factor of 350792 and 92?
4
What is the highest common factor of 18 and 1556111826?
18
Calculate the highest common factor of 34713118 and 2213.
2213
Calculate the greatest common factor of 442 and 8457041.
17
Calculate the highest common factor of 3232 and 285022.
202
What is the greatest common factor of 52672 and 1384?
8
Calculate the greatest common factor of 1026 and 3213109.
19
What is the highest common factor of 2608 and 92464847?
163
What is the highest common divisor of 99 and 5979226?
11
What is the greatest common divisor of 3072 and 12499584?
384
What is the greatest common divisor of 18144 and 5265?
81
What is the highest common divisor of 651035 and 5507587?
1691
What is the greatest common factor of 26478779 and 11?
1
What is the highest common divisor of 48879852 and 12855?
2571
What is the highest common divisor of 237387 and 108120?
159
Calculate the highest common divisor of 653956 and 44173.
163
What is the greatest common divisor of 28 and 19235836?
4
Calculate the highest common divisor of 1798513254 and 18.
18
Calculate the highest common divisor of 566 and 771784582.
566
Calculate the highest common factor of 555543 and 10557.
153
What is the highest common divisor of 8 and 997268?
4
Calculate the greatest common factor of 18549 and 20331.
81
What is the highest common factor of 18464859 and 7119?
63
What is the greatest common factor of 832 and 372814?
26
Calculate the greatest common factor of 913 and 16253578.
11
What is the highest common divisor of 894192960 and 576?
192
Calculate the highest common divisor of 42 and 24017364.
42
Calculate the greatest common divisor of 4677890 and 2975.
595
Calculate the greatest common factor of 12180501 and 11191.
361
Calculate the greatest common divisor of 376 and 53817256.
376
Calculate the greatest common divisor of 2637 and 27500394.
879
What is the highest common factor of 675 and 239177745?
135
What is the highest common factor of 151490360 and 1960?
1960
Calculate the highest common factor of 1510408 and 104.
8
What is the highest common factor of 59163 and 5772?
1443
Calculate the highest common divisor of 7072544633 and 16231.
16231
What is the highest common factor of 21 and 26640684?
21
What is the highest common divisor of 70595712 and 34749?
891
What is the greatest common factor of 565365 and 245?
5
Calculate the greatest common factor of 6145 and 590.
5
Calculate the highest common factor of 4553944500 and 25.
25
Calculate the greatest common divisor of 145696 and 960683.
4553
What is the highest common divisor of 192596896 and 16?
16
What is the highest common divisor of 744 and 1871640?
24
What is the highest common divisor of 14740 and 168107020?
1340
Calculate the highest common factor of 254736407 and 206.
103
Calculate the highest common factor of 143 and 2749864.
13
Calculate the highest common factor of 9480376 and 122.
122
What is the greatest common factor of 1660032 and 1952?
32
Calculate the highest common factor of 1025295 and 21.
3
What is the greatest common divisor of 423471 and 9?
3
Calculate the highest common divisor of 17590 and 645940.
10
What is the greatest common factor of 3396 and 126239508?
3396
Calculate the highest common factor of 662098 and 496.
62
Calculate the greatest common divisor of 17724 and 36072560.
844
Calculate the greatest common divisor of 61544 and 4744226.
314
What is the highest common factor of 684 and 55335372?
228
What is the highest common factor of 3486 and 896317?
83
What is the highest common divisor of 157931971 and 76?
19
What is the highest common factor of 1204 and 2219980?
28
Calculate the greatest common factor of 93875 and 301902.
751
What is the greatest common divisor of 32089027 and 185?
37
Calculate the highest common divisor of 183910 and 33920.
530
Calculate the greatest common divisor of 972 and 92295396.
108
What is the greatest common divisor of 192 and 22937664?
192
What is the greatest common divisor of 695192 and 15946?
134
Calculate the greatest common divisor of 11254 and 4658.
34
Calculate the greatest common factor of 72 and 19076424.
24
What is the greatest common divisor of 478912 and 161728?
448
What is the greatest common factor of 270 and 63422136?
54
Calculate the greatest common factor of 147216 and 41232.
48
Calculate the highest common factor of 186924 and 88800.
444
What is the greatest common divisor of 3688 and 8504?
8
Calculate the highest common divisor of 505536 and 576.
192
What is the greatest common divisor of 46809602 and 19992?
1666
Calculate the greatest common divisor of 6720 and 8678880.
3360
Calculate the greatest common factor of 350 and 697045.
5
Calculate the highest common factor of 2 and 55062398.
2
What is the highest common factor of 42713548 and 113?
113
What is the highest common divisor of 930301 and 54?
1
Calculate the greatest common factor of 217037014 and 3286.
3286
Calculate the greatest common factor of 23 and 16731511.
23
Calculate the greatest common divisor of 5995 and 839617735.
5995
What is the highest common divisor of 15688 and 919376?
296
What is the highest common factor of 79165 and 614365?
1115
Calculate the greatest common factor of 253861 and 51.
17
Calculate the highest common factor of 455202700 and 11800.
5900
What is the highest common divisor of 69 and 49660450?
23
Calculate the highest common factor of 48816 and 820719.
3051
Calculate the greatest common factor of 616 and 42678482.
154
What is the greatest common divisor of 35358 and 3039794?
142
What is the greatest common factor of 20667856 an